iple of 3?
False
Is 27 a factor of 35125?
False
Is 9 a factor of 3357?
True
Is 8671 a multiple of 52?
False
Is 756 a multiple of 18?
True
Does 43 divide 8242?
False
Does 66 divide 66528?
True
Does 9 divide 27162?
True
Is 18 a factor of 25242?
False
Is 40680 a multiple of 30?
True
Is 5 a factor of 778?
False
Is 4656 a multiple of 14?
False
Does 45 divide 475?
False
Is 7009 a multiple of 25?
False
Is 135 a factor of 4590?
True
Is 10 a factor of 1156?
False
Is 307 a multiple of 6?
False
Is 30 a factor of 568?
False
Does 44 divide 20884?
False
Does 233 divide 32793?
False
Is 89413 a multiple of 27?
False
Is 2098 a multiple of 18?
False
Is 28 a factor of 812?
True
Does 19 divide 10455?
False
Does 52 divide 1196?
True
Is 45 a factor of 746?
False
Is 9 a factor of 38099?
False
Does 28 divide 4452?
True
Is 1765 a multiple of 5?
True
Is 46115 a multiple of 74?
False
Does 11 divide 2563?
True
Is 23 a factor of 277?
False
Does 51 divide 5661?
True
Is 5 a factor of 3079?
False
Is 2574 a multiple of 66?
True
Is 628 a multiple of 6?
False
Is 44 a factor of 186?
False
Is 103005 a multiple of 135?
True
Is 844 a multiple of 4?
True
Is 3227 a multiple of 134?
False
Does 61 divide 33855?
True
Is 20193 a multiple of 245?
False
Is 14 a factor of 20?
False
Is 10 a factor of 12600?
True
Is 2335 a multiple of 61?
False
Is 89 a factor of 27839?
False
Is 26 a factor of 15284?
False
Does 117 divide 6449?
False
Does 2 divide 137?
False
Is 43 a factor of 724?
False
Is 220 a factor of 3500?
False
Is 5 a factor of 615?
True
Is 981 a multiple of 19?
False
Does 35 divide 17788?
False
Is 13 a factor of 182?
True
Is 51 a factor of 5991?
False
Is 2 a factor of 218?
True
Is 5 a factor of 35?
True
Is 7 a factor of 21?
True
Is 10 a factor of 430?
True
Does 20 divide 200?
True
Is 50 a factor of 795?
False
Is 33 a factor of 1155?
True
Does 109 divide 968?
False
Is 95 a factor of 3733?
False
Is 10 a factor of 9429?
False
Is 91 even?
False
Does 493 divide 142477?
True
Does 18 divide 2070?
True
Does 4 divide 17031?
False
Is 215 a factor of 25155?
True
Is 22284 a multiple of 35?
False
Is 1471 a multiple of 8?
False
Is 70 a factor of 11970?
True
Is 7165 a multiple of 6?
False
Does 10 divide 3013?
False
Is 36 a factor of 3312?
True
Is 27 a factor of 1570?
False
Does 19 divide 188?
False
Is 3472 a multiple of 31?
True
Is 11 a factor of 605?
True
Is 12390 a multiple of 139?
False
Is 69 a factor of 4390?
False
Is 1056 a multiple of 33?
True
Does 21 divide 8154?
False
Is 102954 a multiple of 157?
False
Does 10 divide 1722?
False
Is 6 a factor of 1416?
True
Is 84 a multiple of 12?
True
Does 12 divide 1572?
True
Does 17 divide 7089?
True
Does 37 divide 1702?
True
Is 1105 a multiple of 65?
True
Is 315 a factor of 14805?
True
Is 183 a multiple of 4?
False
Is 16 a factor of 9328?
True
Is 52 a factor of 117520?
True
Is 638 a multiple of 22?
True
Does 13 divide 6500?
True
Is 10248 a multiple of 24?
True
Does 28 divide 2772?
True
Is 2070 a multiple of 9?
True
Is 114 a multiple of 8?
False
Is 146 a multiple of 8?
False
Does 218 divide 89448?
False
Is 55 a factor of 18944?
False
Is 288 a multiple of 9?
True
Is 2 a factor of 1934?
True
Is 686 a multiple of 26?
False
Does 56 divide 19064?
False
Is 5 a factor of 48?
False
Is 11 a factor of 705?
False
Is 14698 a multiple of 144?
False
Is 3587 a multiple of 26?
False
Does 61 divide 5063?
True
Is 48 a factor of 4629?
False
Does 46 divide 690?
True
Does 14 divide 73030?
False
Is 570 a multiple of 5?
True
Does 15 divide 1453?
False
Is 2000 a multiple of 19?
False
Is 17877 a multiple of 59?
True
Does 18 divide 34326?
True
Does 57 divide 1026?
True
Is 8 a factor of 3655?
False
Is 216 a multiple of 9?
True
Does 37 divide 14714?
False
Is 30 a factor of 1260?
True
Is 4175 a multiple of 5?
True
Is 52890 a multiple of 15?
True
Is 1176 a multiple of 14?
True
Does 225 divide 6975?
True
Is 36 a factor of 53522?
False
Is 148 a multiple of 6?
False
Is 11 a factor of 1859?
True
Is 3 a multiple of 2?
False
Does 36 divide 5382?
False
Is 8632 a multiple of 3?
False
Does 200 divide 139200?
True
Is 3 a factor of 222?
True
Does 25 divide 4825?
True
Is 480 a multiple of 40?
True
Is 14 a factor of 1134?
True
Does 38 divide 10390?
False
Does 43 divide 20038?
True
Does 5 divide 5305?
True
Is 1705 a multiple of 31?
True
Does 97 divide 9991?
True
Is 151 a factor of 141185?
True
Does 44 divide 484?
True
Is 1435 a multiple of 15?
False
Does 90 divide 1752?
False
Does 21 divide 21924?
True
Does 277 divide 37395?
True
Is 663 a multiple of 4?
False
Does 20 divide 1740?
True
Is 59 a factor of 3481?
True
Is 122 a factor of 54900?
True
Is 28 a multiple of 14?
True
Is 46 a factor of 644?
True
Is 2 a factor of 4942?
True
Is 761 a multiple of 13?
False
Does 8 divide 16200?
True
Is 11327 a multiple of 7?
False
Does 18 divide 2788?
False
Does 40 divide 16360?
True
Is 12922 a multiple of 182?
True
Does 33 divide 361?
False
Is 11366 a multiple of 119?
False
Is 4211 a multiple of 2?
False
Is 73439 a multiple of 31?
True
Is 330 a multiple of 11?
True
Is 53 a factor of 566?
False
Is 12 a factor of 12900?
True
Is 4 a factor of 282?
False
Is 81 a factor of 5589?
True
Is 17 a factor of 1891?
False
Does 6 divide 1485?
False
Is 2550 a multiple of 34?
True
Is 45 a factor of 9810?
True
Does 3 divide 1323?
True
Is 10 a factor of 17657?
False
Does 23 divide 1472?
True
Is 11 a factor of 210?
False
Is 1539 a multiple of 7?
False
Is 637 a multiple of 49?
True
Does 4 divide 1465?
False
Does 16 divide 512?
True
Is 1075 even?
False
Does 27 divide 9369?
True
Is 1617 a multiple of 77?
True
Does 12 divide 484?
False
Is 1752 a multiple of 4?
True
Is 12 a factor of 46356?
True
Is 42 a factor of 1127?
False
Is 119 a factor of 795?
False
Is 13 a factor of 15457?
True
Does 13 divide 1638?
True
Is 37 a factor of 4847?
True
Is 17329 a multiple of 20?
False
Is 8 a factor of 6630?
False
Is 3353 a multiple of 22?
False
Does 12 divide 703?
False
Does 20 divide 2520?
True
Is 143 a factor of 4874?
False
Does 29 divide 4495?
True
Is 323 a factor of 14859?
False
Does 49 divide 974?
False
Is 27 a factor of 2322?
True
Does 133 divide 1020?
False
Does 7 divide 316?
False
Is 2026 a multiple of 18?
False
Is 22 a factor of 4648?
False
Is 9306 a multiple of 18?
True
Is 34 a factor of 100496?
False
Is 31 a factor of 26832?
False
Does 5 divide 8460?
True
Does 52 divide 1300?
True
Is 1947 a multiple of 11?
True
Does 12 divide 26256?
True
Is 27 a factor of 1323?
True
Is 31 a factor of 1829?
True
Is 35316 a multiple of 81?
True
Is 17 a factor of 102?
True
Is 3696 a multiple of 21?
True
Does 52 divide 1051?
False
Is 1211 a multiple of 61?
False
Is 5 a factor of 130?
True
Is 191 a multiple of 2?
False
Is 1313 a multiple of 16?
False
Is 11 a factor of 1678?
False
Is 1479 a multiple of 87?
True
Is 3260 a multiple of 118?
False
Does 20 divide 91120?
True
Is 10 a factor of 581?
False
Is 574 a multiple of 14?
True
Does 72 divide 576?
True
Is 11074 a multiple of 36?
False
Does 16 divide 788?
False
Is 331 a multiple of 68?
False
Is 12016 a multiple of 8?
True
Does 4 divide 32?
True
Is 91 a factor of 5772?
False
Is 324 a multiple of 7?
False
Is 40 a factor of 840?
True
Is 20888 a multiple of 13?
False
Is 7 a factor of 3570?
True
Is 40657 a multiple of 64?
False
Is 10120 a multiple of 22?
True
Is 5280 a multiple of 2?
True
Does 38 divide 81971?
False
Does 102 divide 4555?
False
Is 13 a factor of 1681?
False
Is 10 a factor of 76?
False
Is 83 a factor of 722?
False
Is 61 a factor of 491?
False
Is 2590 a multiple of 70?
True
Is 1550 a multiple of 10?
True
Does 96 divide 18912?
True
Is 3741 a multiple of 50?
False
Does 63 divide 2646?
True
Is 19 a factor of 1102?
True
Does 6 divide 156?
True
Is 3230 a multiple of 38?
True
Is 5104 a multiple of 29?
True
Does 41 divide 78?
False
Is 881 a multiple of 17?
False
Is 6 a factor of 134?
False
Does 9 divide 220?
False
Is 1926 a multiple of 43?
False
Is 7658 a multiple of 153?
False
Is 10 a factor of 3720?
True
Is 87 a factor of 12062?
False
Is 77 a factor of 2436?
False
Is 8 a factor of 13224?
True
Is 17360 a multiple of 62?
True
Does 16 divide 73?
False
Is 32 a factor of 4467?
False
Is 11 a factor of 9823?
True
Does 194 divide 16369?
False
Does 74 divide 16946?
True
Is 156 a factor of 45718?
False
Is 41 a factor of